at are the prime factors of b?
2, 7
Suppose 0 = 4*y - 4*f - 24, 0 = 5*y - 10*y - 2*f + 30. Suppose t + 4*t - 25 = 0. Let s = t + y. List the prime factors of s.
11
Let m(v) = 9*v - 48. List the prime factors of m(24).
2, 3, 7
Suppose 3*h + 54 = -5*u, 0 = u + u - 2*h + 28. What are the prime factors of (4/u)/((-1)/15)?
5
Suppose 9*v + 21 = 12*v. List the prime factors of v.
7
Suppose 2*n + 3*n - 5 = 0. Suppose 0 = 3*i - 8 - n. List the prime factors of 2 + 0 + i/3.
3
Let l be 5/(-2)*8/(-5). Suppose -4*d = -c + 8, d + 59 = 5*c - 0*c. Suppose -c = -4*w - l. What are the prime factors of w?
2
Suppose -6*j = -106 - 140. List the prime factors of j.
41
Let n = -5 + 2. Let k be (6 + n)*-1 - -24. Suppose k = 4*x - 35. List the prime factors of x.
2, 7
Let j(h) = -h**2 - 1. Let f be 2 + (-3)/6*0. Let k be j(f). List the prime factors of (k/(-3))/(2/12).
2, 5
Let v(y) be the first derivative of y**4/4 - y**3 - y**2 + 3. Let q(j) be the second derivative of v(j). List the prime factors of q(4).
2, 3
Suppose u + 5*o + 21 = 2*u, 4*o + 40 = -5*u. List the prime factors of ((-2)/u)/(2/84).
3, 7
Let x(r) = r**3 + 7. Let n be x(0). Suppose -2*v + n = 3. Suppose 4 = 4*t + v*m - 2, 4*m = -t - 2. What are the prime factors of t?
2
Suppose -5*t + 42 = -4*t. List the prime factors of t.
2, 3, 7
Let r(x) = x**2 - 6*x - 6. Let v be r(7). Let h be (v - -23) + (-6 - -4). Suppose -2*l + 2 + h = 0. What are the prime factors of l?
2, 3
Suppose p + 2*t - 18 = -t, -2*t = p - 13. Let b be (1/p)/(3/18). List the prime factors of 410/35 - b/(-7).
2, 3
Suppose 3*j = -j + 76. Let a = -5 + j. What are the prime factors of a?
2, 7
Suppose -2*q + 4 - 2 = 0. Suppose -5*s = 0, 2*z - 7 = -2*s + q. List the prime factors of z.
2
Let f = 17 + -17. Let a(y) = -4*y**3 - 4 - y + y**2 + 15 + 5*y**3. What are the prime factors of a(f)?
11
Suppose 0 = 4*w - 2*w - 320. Let x = -104 + w. What are the prime factors of x/(-12)*3/(-2)?
7
Let r(u) = u + 17. Let l be r(-16). What are the prime factors of ((-8)/6 + l)*-9?
3
Let z(n) = n**2 + 14*n + 13. What are the prime factors of z(-16)?
3, 5
Suppose -5*j - 4*d = -137, d - 2 = -j + 25. List the prime factors of j.
29
Let y(l) = -l**2 + 6*l + 7. Let i = 12 + -6. List the prime factors of y(i).
7
Let x(o) = 3*o**3 + 1. Let p be x(1). Suppose -15 = -p*r + 9. List the prime factors of r.
2, 3
Let u(h) = h**3 + h**2 + 16. Let i(d) = -d**3 - 8*d**2 + 9*d. Let s be i(-9). What are the prime factors of u(s)?
2
Let k be 58/(-4) + (-3)/6. Let t = k - -62. List the prime factors of t.
47
Let s(r) = -r**2 - 7*r - 6. Let c be s(-4). Suppose 2*p - g + c = 2*g, -3*g = 3*p - 6. Suppose 2*t + p*t - 32 = 0. List the prime factors of t.
2
Let f(g) = 1 + 2*g - 2 - 2. Let i be f(9). Suppose c - 4*c = -i. What are the prime factors of c?
5
Let i(o) = -o + 8. Let z be i(5). List the prime factors of 2/z + 34/3.
2, 3
Suppose g = -2*z + 5 + 224, 0 = -2*g + z + 468. List the prime factors of g.
233
Let d(u) = 2*u. Let l be d(3). Suppose 4*o - l = 3*n + 54, -52 = -2*o - 4*n. What are the prime factors of o?
2, 3
Let d = 11 - 7. Suppose 30 = a + 2*a + 3*l, 3*a = d*l + 16. What are the prime factors of a?
2
Suppose 223*r = 228*r - 605. List the prime factors of r.
11
Let l = 11 - 9. List the prime factors of (l + -3)/(1/(-6)).
2, 3
Suppose -a - u + 78 = 0, -4*a + 5*u + 152 = -151. What are the prime factors of a?
7, 11
Let k(r) = -r**3 + 6*r**2 + 9*r - 9. Let j be k(7). Let o = 4 + j. List the prime factors of o.
3
Suppose 2*q = 2*u + 15 + 47, -2*u = -q + 34. Let k = q + -15. List the prime factors of k.
13
Let z(k) = -k + 5. Let r be z(-10). Let q(a) = 2*a - 9. List the prime factors of q(r).
3, 7
Let q(j) = -21*j. Let m be q(1). Let a(l) = -l + 35. Let y be a(0). Let f = m + y. What are the prime factors of f?
2, 7
Let i be ((-9)/(-3))/(-3) + 3. Suppose -3*l + 5*x + 90 = 2*l, -i*x = -10. Suppose -2*n - 7 = -w - n, -n = -5*w + l. List the prime factors of w.
2
List the prime factors of 0/(0 + 2) + 9.
3
Let x = 15 + -23. Let i(m) = -4*m - 1. Let c be i(-4). Let v = c + x. What are the prime factors of v?
7
Suppose -n - 94 = -2*n. What are the prime factors of n?
2, 47
Suppose 0 = 2*o - 2*r - 16, -o + 8 = -2*o - 3*r. Suppose -2*b + 2*q - o*q = 0, 0 = 2*b + 4*q + 10. List the prime factors of b.
5
Let u(l) be the second derivative of -3*l**5/20 - l**4/12 - l**3/6 - l**2/2 + l. Let w be u(-1). Let x = w + 7. What are the prime factors of x?
3
Let l(g) = 18*g - 1. Let q be l(1). Suppose -4*t = q + 3. List the prime factors of (-94)/(-10) - (-2)/t.
3
Suppose n + 1 = -0*n. Let u = 1 - n. List the prime factors of u.
2
Suppose 3*m + 2*n - 551 = -182, 3*m + n - 366 = 0. List the prime factors of m.
11
Let o = 1 + -1. Let p(a) = -a + 10. Let k be p(o). Suppose v + 4*v - k = 0. List the prime factors of v.
2
List the prime factors of -5*(-8 - 0/(-3)).
2, 5
Let b(y) be the first derivative of 14*y**3 - y**2/2 + 7. What are the prime factors of b(-1)?
43
Let z(c) = -2*c - 2. Let j be z(6). What are the prime factors of (-4)/j - 54/(-7)?
2
Suppose 0 = 2*j - 5*j - 48. What are the prime factors of (-4 - -3)*j - 1?
3, 5
Let c = -1 + 3. Suppose -3*k = b + 6, -15 = -c*b - 3*k + 6*k. Suppose -b*v + 16 = -v. What are the prime factors of v?
2
Let v = 35 + -12. What are the prime factors of v?
23
Let p(c) = -4*c**3 - 4*c**2 - c - 2. What are the prime factors of p(-3)?
73
Let w(n) = -7*n**3 + 15*n**2 - 3*n + 2. Let m(v) = -6*v**3 + 14*v**2 - 4*v + 1. Let x(h) = -6*m(h) + 5*w(h). List the prime factors of x(8).
2, 3
Suppose 3*o - 2*h - 9 = 2*h, 0 = o - h - 3. Let l be o/6*(2 + -2). Suppose 4*p + l*p + 12 = g, -p - 1 = 0. What are the prime factors of g?
2
Suppose 3*z + 2*r + 11 = 0, -3*z + 5*r - 19 = 6. Let o = 16 + z. List the prime factors of o.
11
Suppose 0*j + j - 3*i - 106 = 0, 3*i = -3*j + 258. List the prime factors of j.
7, 13
Let j be ((-2)/6)/(10/(-2790)). Let x = -63 + j. What are the prime factors of x?
2, 3, 5
Suppose 11*q - 7*q = 968. List the prime factors of q.
2, 11
Let h(f) = -10*f + 4. Let t(d) = 9*d - 3. Let p(y) = 3*h(y) + 4*t(y). What are the prime factors of p(1)?
2, 3
Suppose -4*b + 13 = -11. Let v be 1/(-3) - (-56)/6. What are the prime factors of v/2*4/b?
3
Let b(f) = -92*f. Let k be b(2). List the prime factors of k/(-10) - (-14)/(-35).
2, 3
Let g(n) = -2*n**2 - 7 + n + 3*n**2 + 3*n. List the prime factors of g(-6).
5
Let q(v) = 3*v**2 - v - 14. List the prime factors of q(-7).
2, 5, 7
Let p(f) = f**3 + 4*f**2 - 3. Let b be p(-4). Let x = b - -5. List the prime factors of x.
2
Let k(i) = 29*i**2 + i - 2. List the prime factors of k(2).
2, 29
Suppose -2*s = 3*o - 448, -s - s - 136 = -o. Suppose 5*c - 2*x - 2*x - o = 0, -2*c - x = -61. List the prime factors of c.
2, 3, 5
Suppose -2*k - 2*k = 5*c - 107, -3*c + 66 = 3*k. Suppose 2*d - 5*o = -c, 25 = 3*o + 2*o. Suppose -3*x - d + 21 = 0. What are the prime factors of x?
2, 3
Let s be (-2)/7 + 2/7. Suppose s = -2*q + 17 + 5. What are the prime factors of q?
11
Suppose 2*c + 1328 = 6*c. What are the prime factors of c?
2, 83
Let s(m) = m**2 + 2*m + 8. What are the prime factors of s(-7)?
43
Let p = -35 - -74. Let s = 60 - p. What are the prime factors of s?
3, 7
Let k(l) = -l**2 - 7*l + 1. Let p be k(-5). Suppose -f = -4 - p. List the prime factors of f.
3, 5
Let j be (1 + -1)/(-5 - -7). List the prime factors of 14 + j - (-9 - -7).
2
Suppose -3*p + 10 = -2*p. Suppose 0 = x + 2*k - p, 15 = 3*x + 2*k - k. List the prime factors of x.
2
Let x be (-1)/(1/(-17)) - 0. Suppose -2*w - n + 3*n = -12, -3*n - 22 = -5*w. Suppose -3*c + x = 5*r, -2*c = -c + w*r - 6. What are the prime factors of c?
2
Suppose 0 = -3*r - 139 - 5. Let i = r - -84. Suppose -5*u - 3*k + i = 0, 3*u - 2*k = k + 36. What are the prime factors of u?
3
Let n = -23 - -54. Let k = n + -19. List the prime factors of k.
2, 3
Suppose -5*g + 0*f + 23 = 2*f, -2*g + 12 = -2*f. Suppose s = g*s - 52. List the prime factors of s.
13
Suppose 5*s = 3*u - 10, 2*s + 2*s + 5*u = -45. Let k(r) = -r**2 - 5*r + 5. What are the prime factors of k(s)?
5
Suppose 2*m = 6*m. Suppose m = -4*f - 2*x + 10, 0*f + 4*x + 6 = 5*f. Suppose 3*i = f*h - 42, 3*i = -2*h - 0*i + 30. List the prime factors of h.
2, 3
Suppose -v + 3 = -3. Let d be (-4)/v + 222/9. List the prime factors of 3*3/(27/